ctors of 10/30 - f/6.
2, 3
Suppose 2*w - 4*w + 4*t + 1388 = 0, -2*w + 1392 = -2*t. What are the prime factors of w?
2, 349
Suppose 5*k - 2*o + 26 + 64 = 0, 5*o + 90 = -5*k. Let p = k - -64. What are the prime factors of p?
2, 23
Suppose a - 122 = 5*d + 53, -2*a - 126 = 4*d. List the prime factors of (-4)/d + 1900/34.
2, 7
Let v(f) = 2*f + 17. Let c(i) = i**3 + 2*i**2 + i + 2. Let u be c(-2). List the prime factors of v(u).
17
Let h = 192 + -136. Suppose -4*m + h = 5*i - 0*m, -3*i = -3*m - 12. Suppose 5*y = i*y - 123. What are the prime factors of y?
41
Let b(k) = 100*k - 12. Let a be b(13). Suppose n + 3*m - 316 = 0, 0*n + 4*m - a = -4*n. List the prime factors of n.
5, 13
Let p = 3423 - 632. What are the prime factors of p?
2791
Let s = 635 + -311. List the prime factors of s.
2, 3
Let q(c) = c**3 + 15*c**2 - 18*c - 19. What are the prime factors of q(-15)?
251
Let a be -1 - (2/(-1) - -1). Suppose -3*l + 53 + 36 = 2*d, 2*d - 5*l - 97 = a. What are the prime factors of d?
2, 23
Suppose 2*d + i - 286 = 0, -6*i - 434 = -3*d - 5*i. What are the prime factors of d?
2, 3
Let n(u) = -u**3 - 3*u**2 + 9*u + 14. Let q be n(-6). Let b = q + -19. What are the prime factors of b?
7
Let i = 13 + -33. Let d = -20 - i. Suppose -4*x - 4*k + 8 = d, -3*x + k - 3*k + 8 = 0. List the prime factors of x.
2
Let c = 25 - 28. Let m be (-4)/(-6)*c + 19. Suppose 3*l = -0*i - 2*i + 56, -l + i + m = 0. List the prime factors of l.
2, 3
Let a(p) = 167*p - 5. List the prime factors of a(3).
2, 31
Let f = 1 - 2. Let a(y) = -y**3 - 12*y**2 - 16*y + 31. Let o be a(-10). Let t = f - o. List the prime factors of t.
2
Let z(j) = j**3 + 11*j**2 + 4*j - 19. Let d(q) = 2*q**3 + 22*q**2 + 7*q - 37. Let k(g) = -2*d(g) + 5*z(g). What are the prime factors of k(-9)?
3, 29
What are the prime factors of 264648/56 - (-1)/7?
2, 17, 139
Suppose -1 = 2*p + 4*w - 9, 0 = -3*p - 2*w + 24. Let g be (-32)/p - (-1)/5. What are the prime factors of (17 + g)*(-10)/(-4)?
5, 7
Suppose 0 = -4*f - 3*b + 4, f + 2*f + 2*b = 4. What are the prime factors of f/(2 - (-9)/(-5))?
2, 5
Let l = -622 + 1637. What are the prime factors of l?
5, 7, 29
Suppose 31*f - 23318 = 42495. List the prime factors of f.
11, 193
What are the prime factors of (-7950)/(-9) + 16/24?
2, 13, 17
Let q be (-38)/6 + 10/(-15). Let p = 41 + -16. Let n = p + q. What are the prime factors of n?
2, 3
Suppose -2*l = 3*t + 2*t - 14532, -3*t + 8713 = -5*l. What are the prime factors of t?
2, 1453
Let x be (6 + -7 - -37)/((-4)/(-2)). Let v = x + 8. What are the prime factors of v?
2, 13
Let d(f) = -2*f**2 + 4*f - 7. Let m be d(9). List the prime factors of (2 - -1) + (7 + -1 - m).
2, 71
Let u = -101 + 141. Let b be u/7 - 10/(-35). Suppose 2*p - b = -0. List the prime factors of p.
3
Let x be (2/4)/((-5)/10). Let d(i) = 61*i**2 + 3*i - 5. Let w(q) = -91*q**2 - 4*q + 7. Let s(j) = -7*d(j) - 5*w(j). What are the prime factors of s(x)?
29
What are the prime factors of 3/5 + (-66732)/(-30) + 10?
3, 5, 149
Suppose 0 = -8*t + 346 + 1246. What are the prime factors of t?
199
Suppose 11827 = 5*i + 3067. Suppose 4*c + i = -3648. List the prime factors of 4/(-14) - c/70.
19
Let l(k) = 4*k**2 + 12*k + 39. What are the prime factors of l(8)?
17, 23
Suppose 2*m = 5 + 5. Let v be (-8 + 20/m)*-11. Suppose 105 = 5*w + 3*a - 6*a, w + 4*a = v. What are the prime factors of w?
2, 3
Let t = 51 - -10. Let k = 144 - t. List the prime factors of k.
83
Let w = -111 - -128. Suppose -o + 78 = 5*p + o, 0 = -p + o + w. What are the prime factors of p?
2
Let u be 553 - (5/((-5)/2) - 1). Suppose 9*l - u = 929. List the prime factors of l.
3, 5, 11
Let j(y) = y + 5. Let t be j(0). Suppose 2*s - 3*f = 31, -t*s + 5*f + 82 - 12 = 0. What are the prime factors of s?
11
Suppose 2*w = -3*w + 75. Suppose 0 = -4*z - z - w. List the prime factors of (-4 + z/(-2))*-28.
2, 5, 7
Let b be (-4 + 150/35)/((-1)/(-7)). Suppose 3*l + 392 = 2*t + 3*t, 0 = -b*t + 2*l + 160. List the prime factors of t.
2, 19
Let d = 12164 - 6838. List the prime factors of d.
2, 2663
Let r(k) = 17*k**2 - 12*k - 14. Let u be r(9). Suppose 2*t = 4*f + 472, -2*t = -7*t - 5*f + u. List the prime factors of t.
2, 3, 41
Suppose -2800 = 129*n - 134*n. Suppose 71*k - n = 69*k. What are the prime factors of k?
2, 5, 7
Let z be 0*(1 - 0/(-3)). Suppose z*p + 44 = p - 5*b, -12 = 3*b. Suppose -5*v = 2*c, 0*c - p = -4*c + 2*v. What are the prime factors of c?
5
Let u be (-7 - -4 - -4) + 245. Let o = u - 171. List the prime factors of o.
3, 5
List the prime factors of (-12093)/(-12) + 22/88.
2, 3, 7
Suppose 28658 = -3*y + 26*y. List the prime factors of y.
2, 7, 89
Let a(p) = 2*p**2 + 11*p + 39. What are the prime factors of a(-7)?
2, 3, 5
Suppose 0 = -4*s + 904 + 572. Suppose -r = 8*r - s. List the prime factors of r.
41
Suppose h = -2*k + 12711, 3*h + 31794 = 18*k - 13*k. What are the prime factors of k?
3, 13, 163
Suppose -1498 = -3*x + 5*k, 2*k + 214 = -2*x + 1186. What are the prime factors of x?
491
Let a(h) = h**2 - 6 + 4*h + 0*h**2 - 9*h. Let b be a(6). Suppose -2*f - f - 2*j = -125, b = 4*f + 5*j - 155. List the prime factors of f.
3, 5
Suppose -3*t + s + 31 = -52, 5*s + 129 = 4*t. Let b be -9*3/(-9) + t. Suppose -2*q = -2, 0*m - 2*m - 5*q + b = 0. List the prime factors of m.
2, 3
List the prime factors of 5505/39 + (-8)/52.
3, 47
Let x(s) be the first derivative of 5*s**3 + 5*s**2/2 + 4*s - 10. What are the prime factors of x(-2)?
2, 3
Suppose -937 = -5*d - 3*l + 5518, d + 3*l - 1279 = 0. What are the prime factors of d?
2, 647
What are the prime factors of ((-1080)/(-32) + 8)*10*2?
5, 167
Let g(u) = 31*u**2 + u - 1. Let r be g(1). Suppose r = 4*l - q, 2*l - 17 = 5*q + 12. What are the prime factors of l?
7
What are the prime factors of 721*(1/(-2) + 1)*2?
7, 103
Let h be 3/7 + 30/(-70). Let d be h - -1*(-8)/(-4). Suppose -42 = d*n - 126. List the prime factors of n.
2, 3, 7
Let d(m) = 7*m**2 + 12*m + 2. List the prime factors of d(-17).
3, 607
Let y be (345/(-60))/((-2)/(-8)). Let s = 17 + y. Let c(v) = -6*v - 9. List the prime factors of c(s).
3
Let v = -451 - -2041. What are the prime factors of (2/8*2)/(3/v)?
5, 53
Suppose -y + 4*m = -20, 15 + 5 = -5*m. Suppose 0 = y*h - 3*h - 102. What are the prime factors of h?
2, 3, 17
Let n = 160 + -42. Let z = -46 + n. Suppose 0 = -2*t + l + 2*l + 48, -2*l = 3*t - z. What are the prime factors of t?
2, 3
Let m(d) = 519*d**2 - d. Let x be m(1). Let z = x + -288. List the prime factors of z.
2, 5, 23
List the prime factors of (-1403 - 6 - 7)*(-4)/8.
2, 3, 59
Let i = -91 - -272. What are the prime factors of i?
181
Let n = 32 - 29. Let i be -1*n/(-6)*-22. What are the prime factors of (-44)/i + 7*7?
53
Let w(y) = -427*y - 317. List the prime factors of w(-3).
2, 241
Let l be (3/(-1))/((-13)/26). Suppose -4*o + l = -o. Suppose 2*f - 12 = -o*j, f = -5*j + 9 + 5. What are the prime factors of j?
2
Let o(u) = 8*u - 23. Let x be o(4). What are the prime factors of 66/x*6*2?
2, 11
Let d(k) = 2*k**2 - 17*k - 57. What are the prime factors of d(15)?
2, 3, 23
Let i(x) = -5 - 3*x + x**2 - 1 - 5*x. Suppose -s - 5*n + n = -1, -4 = 2*n. List the prime factors of i(s).
3
Suppose 0*s - 2*s = 8*s. Suppose -5*u + 3*y = -1271, s*y = -2*y - 4. List the prime factors of u.
11, 23
Let b = -86 - -22. Let h = -12 - b. What are the prime factors of h?
2, 13
Suppose 5*c = 5*m + 4785, -8 + 33 = -5*m. What are the prime factors of c?
2, 7, 17
Let r(j) = -213*j**3 - j**2 + 5*j + 4. List the prime factors of r(-1).
211
Let y(m) = 12*m - 2*m - 8*m. Let h be ((-20)/12)/((-1)/3). List the prime factors of y(h).
2, 5
Suppose 2*n = -5*g + 352 + 623, 0 = n + 2*g - 487. List the prime factors of n.
5, 97
Let t(c) be the third derivative of -157*c**6/120 + c**4/24 - 3*c**2. Let r be t(-1). Suppose 2*n = 5*n - r. List the prime factors of n.
2, 13
Let y be -1*(-206 - 0/(-5)). Let v = y - 123. Let c = v + -32. What are the prime factors of c?
3, 17
Let p(k) = k**2 + 5*k + 9. Let i be p(-7). Let q = i - 18. Suppose -w = -4*z + 13, -3*z - 10 = -q*z. What are the prime factors of w?
7
List the prime factors of 2*54/(-18)*(-482)/6.
2, 241
Suppose -76*i + 154687 = -3*i. List the prime factors of i.
13, 163
Let c(s) = -s**2 + 4. Suppose 3*t + 6 = -2*u, -5*u + 2 = 3*t + 17. Let m be c(u). What are the prime factors 